{"id":181,"date":"2019-01-31T14:02:26","date_gmt":"2019-01-31T16:02:26","guid":{"rendered":"http:\/\/www.agafuc.com.br\/?page_id=181"},"modified":"2025-03-24T16:51:25","modified_gmt":"2025-03-24T19:51:25","slug":"diretoria","status":"publish","type":"page","link":"https:\/\/www.agafuc.com.br\/index.php\/diretoria\/","title":{"rendered":"Diretoria"},"content":{"rendered":"<p><img decoding=\"async\" class=\"size-full wp-image-780 aligncenter\" src=\"https:\/\/www.agafuc.com.br\/wp-content\/uploads\/2023\/10\/cropped-cropped-cropped-logo_AGAFUC-novo_page-0001-1-e1698714998834.jpg\" alt=\"\" width=\"190\" height=\"180\" \/><\/p>\n<hr \/>\n<p>&nbsp;<\/p>\n<h4 style=\"text-align: center;\"><\/h4>\n<ul>\n<li>\n<h5><span style=\"color: #99cc00;\">DIRETORIA<\/span><\/h5>\n<\/li>\n<\/ul>\n<p><strong>Valter Arnoldo Hesse\u00a0 \u2013 Presidente<\/strong><\/p>\n<p><strong>Tarso Germany Dornelles \u2013 1\u00b0 Vice Presidente<\/strong><\/p>\n<p><strong>Edison Jocemar Medeiros Assun\u00e7\u00e3o &#8211; 2\u00b0 Vice Presidente<\/strong><\/p>\n<p><strong>Luis Fernando Pedroso de Oliveira &#8211; Tesoureiro<\/strong><\/p>\n<p><strong>Vladimir Machado &#8211;\u00a0 Secret\u00e1rio<\/strong><\/p>\n<p>&nbsp;<\/p>\n<ul>\n<li>\n<h5><span style=\"color: #99cc00;\"><strong>CONSELHO FISCAL<\/strong><\/span><\/h5>\n<\/li>\n<\/ul>\n<p><strong>Caroline Boemeke &#8211; Presidente<\/strong><\/p>\n<p><strong>Ricardo Ropdrigues\u00a0 &#8211; Vice-Presidente<\/strong><\/p>\n<p><strong>Denise Beatris Tolfo Hesse\u00a0 &#8211; Secret\u00e1rio<\/strong><\/p>\n<ul>\n<li style=\"text-align: left;\">\n<h5><span style=\"color: #99cc00;\">DA PARTICIPA\u00c7\u00c3O DE ATLETAS NOS COLEGIADOS DE DIRE\u00c7\u00c3O DA ENTIDADE<\/span><\/h5>\n<\/li>\n<\/ul>\n<p><strong>Ricardo Steinmentz Alves\u00a0 &#8211; Presidente<\/strong><\/p>\n<p><strong>Andr\u00e9 Trevisol\u00a0 &#8211;\u00a0 Vice Presidente<\/strong><\/p>\n<p><strong>Felipe Tolfo Hesse\u00a0 &#8211; Secret\u00e1rio<\/strong><\/p>\n<h5 style=\"text-align: left;\"><strong><span style=\"color: #ff0000;\">\u2022 Nenhum dos cargos estatut\u00e1rios da entidade recebem remunera\u00e7\u00e3o.<\/span><\/strong><\/h5>\n","protected":false},"excerpt":{"rendered":"<p>&nbsp; DIRETORIA Valter Arnoldo Hesse\u00a0 \u2013 Presidente Tarso Germany Dornelles \u2013 1\u00b0 Vice Presidente Edison Jocemar Medeiros Assun\u00e7\u00e3o &#8211; 2\u00b0 Vice [&#8230;]<\/p>\n","protected":false},"author":1,"featured_media":0,"parent":0,"menu_order":0,"comment_status":"closed","ping_status":"closed","template":"","meta":{"footnotes":""},"class_list":["post-181","page","type-page","status-publish","hentry"],"_links":{"self":[{"href":"https:\/\/www.agafuc.com.br\/index.php\/wp-json\/wp\/v2\/pages\/181","targetHints":{"allow":["GET"]}}],"collection":[{"href":"https:\/\/www.agafuc.com.br\/index.php\/wp-json\/wp\/v2\/pages"}],"about":[{"href":"https:\/\/www.agafuc.com.br\/index.php\/wp-json\/wp\/v2\/types\/page"}],"author":[{"embeddable":true,"href":"https:\/\/www.agafuc.com.br\/index.php\/wp-json\/wp\/v2\/users\/1"}],"replies":[{"embeddable":true,"href":"https:\/\/www.agafuc.com.br\/index.php\/wp-json\/wp\/v2\/comments?post=181"}],"version-history":[{"count":14,"href":"https:\/\/www.agafuc.com.br\/index.php\/wp-json\/wp\/v2\/pages\/181\/revisions"}],"predecessor-version":[{"id":868,"href":"https:\/\/www.agafuc.com.br\/index.php\/wp-json\/wp\/v2\/pages\/181\/revisions\/868"}],"wp:attachment":[{"href":"https:\/\/www.agafuc.com.br\/index.php\/wp-json\/wp\/v2\/media?parent=181"}],"curies":[{"name":"wp","href":"https:\/\/api.w.org\/{rel}","templated":true}]}}